er?
False
Is 91781 prime?
True
Is 175888519 a prime number?
False
Is 22083463 composite?
True
Is 191357669 prime?
True
Is 2597741 prime?
False
Is 1326443 prime?
True
Is 1637357 composite?
False
Is 593503601 composite?
False
Is 30001733 a composite number?
False
Is 198046 composite?
True
Is 43853 a prime number?
True
Is 1212680779 composite?
False
Is 350213 composite?
False
Is 301528313 prime?
True
Is 6244291 a composite number?
True
Is 10863163 a prime number?
False
Is 43730203 prime?
False
Is 13844287 prime?
False
Is 102237671 composite?
False
Is 7883063 a composite number?
False
Is 15102231 a prime number?
False
Is 443411 prime?
False
Is 70187459 composite?
True
Is 6443411 composite?
True
Is 6384737 a composite number?
False
Is 1052609 a composite number?
False
Is 4844551 a prime number?
False
Is 1285705 a composite number?
True
Is 3277319 a composite number?
True
Is 305297 composite?
False
Is 139676497 prime?
False
Is 135486487 a composite number?
False
Is 48263723 a composite number?
False
Is 7622729 a composite number?
True
Is 140467153 composite?
False
Is 5490022 a prime number?
False
Is 3299719 a composite number?
True
Is 300708481 a composite number?
True
Is 1314659 prime?
True
Is 330107 prime?
False
Is 3689911 composite?
False
Is 174768221 a prime number?
True
Is 67968809 a prime number?
False
Is 13178479 composite?
False
Is 19144309 composite?
True
Is 39089813 a composite number?
True
Is 3443941 a prime number?
False
Is 931067 a prime number?
True
Is 247414933 a composite number?
True
Is 68658157 a composite number?
True
Is 80911219 a prime number?
True
Is 12999433 a prime number?
False
Is 896309 a prime number?
False
Is 40395119 composite?
False
Is 22518653 a prime number?
True
Is 42300521 a prime number?
True
Is 11420239 composite?
False
Is 50136509 a composite number?
True
Is 451515013 a composite number?
True
Is 69176351 composite?
True
Is 9563113 a prime number?
False
Is 1762513 a composite number?
True
Is 3455486 a prime number?
False
Is 21641027 prime?
True
Is 348442519 a prime number?
False
Is 179215831 prime?
True
Is 12727619 prime?
False
Is 210549667 a composite number?
False
Is 45119951 a composite number?
True
Is 3906641 a prime number?
True
Is 1368013 a composite number?
False
Is 32126134 prime?
False
Is 12476339 a composite number?
False
Is 835357 a composite number?
True
Is 131516283 prime?
False
Is 30796373 a composite number?
False
Is 4762139 a composite number?
True
Is 1793711 a prime number?
False
Is 10684909 a composite number?
False
Is 1525921 a prime number?
True
Is 215524693 a prime number?
True
Is 57343973 a composite number?
False
Is 18733037 prime?
False
Is 295196383 a prime number?
True
Is 6311345 a composite number?
True
Is 41292469 composite?
True
Is 2279 composite?
True
Is 1521174319 composite?
True
Is 1235484929 composite?
True
Is 1121723 prime?
True
Is 544662091 a prime number?
True
Is 3102287 a composite number?
True
Is 1715983 a prime number?
True
Is 69038677 a prime number?
True
Is 98494621 a prime number?
False
Is 1788301 prime?
False
Is 2900207 prime?
True
Is 287719 a prime number?
False
Is 4521229 a prime number?
False
Is 150259127 composite?
True
Is 1413331 a composite number?
True
Is 2967557 prime?
False
Is 16036453 composite?
True
Is 957587 a prime number?
True
Is 166709117 prime?
True
Is 6034829 a prime number?
False
Is 302286763 a prime number?
False
Is 20649529 a prime number?
True
Is 1182823 prime?
False
Is 8524313 prime?
False
Is 14833823 a prime number?
True
Is 39587591 a composite number?
True
Is 17865673 a composite number?
True
Is 1155655 prime?
False
Is 234341 a prime number?
True
Is 8410271 composite?
False
Is 19469429 composite?
True
Is 4051121 a prime number?
True
Is 50822705 composite?
True
Is 68505361 composite?
False
Is 251653 prime?
True
Is 1408579 a composite number?
True
Is 389849983 prime?
True
Is 101131403 a composite number?
False
Is 145937 prime?
False
Is 888689821 a composite number?
False
Is 85407001 a composite number?
True
Is 2216233 a prime number?
False
Is 323741321 a composite number?
False
Is 1664850669 a composite number?
True
Is 89292461 composite?
True
Is 7358003 a composite number?
True
Is 325109867 prime?
True
Is 141899091 composite?
True
Is 4235129 composite?
False
Is 28286553 a composite number?
True
Is 35466763 prime?
False
Is 658507 prime?
True
Is 51709067 a composite number?
False
Is 5179709 a composite number?
False
Is 8878319 a composite number?
False
Is 2405437 composite?
False
Is 7496219 a prime number?
False
Is 430709 composite?
False
Is 94249439 prime?
True
Is 95671 composite?
True
Is 5626547 a prime number?
False
Is 6119203 composite?
True
Is 54431099 composite?
True
Is 10051933 prime?
True
Is 4375601 a composite number?
True
Is 33583631 a composite number?
True
Is 5778887 prime?
True
Is 2418497 a composite number?
True
Is 31206733 prime?
False
Is 14076443 a composite number?
True
Is 37438771 a composite number?
True
Is 62213407 composite?
False
Is 6272107 a composite number?
False
Is 508743199 a prime number?
True
Is 644039 a composite number?
True
Is 2968035547 a prime number?
True
Is 12031907 a prime number?
False
Is 21374761 prime?
True
Is 2130901 a composite number?
False
Is 23593477 a composite number?
True
Is 272671 composite?
True
Is 1058706287 a prime number?
False
Is 10010069 a composite number?
False
Is 6832027 a prime number?
True
Is 12967763 a prime number?
True
Is 380981 prime?
False
Is 40495183 prime?
False
Is 17604079 a composite number?
False
Is 184666 a prime number?
False
Is 8317567 prime?
False
Is 18986483 a prime number?
True
Is 51023617 prime?
False
Is 5177059 composite?
False
Is 79176551 prime?
True
Is 203631371 a prime number?
True
Is 10048637 prime?
True
Is 11814923 a prime number?
True
Is 4617773 a composite number?
False
Is 1989179 composite?
True
Is 525535 a composite number?
True
Is 760270291 prime?
False
Is 3755567 a prime number?
False
Is 44084473 a composite number?
False
Is 173299849 a prime number?
False
Is 2737597 prime?
True
Is 96908495 a composite number?
True
Is 82297421 composite?
False
Is 385991149 a composite number?
True
Is 629609 composite?
False
Is 42246021 a prime number?
False
Is 3501331 composite?
False
Is 77545957 composite?
False
Is 138148057 composite?
False
Is 29692567 prime?
True
Is 73813 prime?
False
Is 24650789 a prime number?
True
Is 89888191 a composite number?
True
Is 14083709 prime?
True
Is 38747279 a prime number?
True
Is 1355551 prime?
False
Is 13528097 a composite number?
True
Is 28936483 a composite number?
False
Is 203479 a composite number?
True
Is 3110903 a composite number?
False
Is 437179 composite?
True
Is 7419889 composite?
False
Is 65490533 a prime number?
True
Is 1485881 a composite number?
True
Is 34319677 prime?
False
Is 20781049 a composite number?
False
Is 121827947 composite?
True
Is 24173371 prime?
False
Is 13745591 a composite number?
True
Is 11310843 prime?
False
Is 412641121 a prime number?
True
Is 1063597 a composite number?
False
Is 130476283 a prime number?
False
Is 3962663 a composite number?
True
Is 2909047 a prime number?
True
Is 6381659 a composite number?
False
Is 905123 a prime number?
True
Is 9556967 a composite number?
True
Is 1397219 prime?
True
Is 18398253 a composite number?
True
Is 2317067 composite?
False
Is 3086471 prime?
True
Is 31768277 composite?
False
Is 35071607 a composite number?
True
Is 76073 a composite number?
True
Is 79487129 prime?
True
Is 4227217 prime?
False
Is 231600562 a composite number?
True
Is 3861269 prime?
True
Is 34731131 a prime number?
True
Is 3234251 a composite number?
False
Is 37617095 composite?
True
Is 1371371 a composite number?
True
Is 24521801 prime?
True
Is 12659 a composite number?
False
Is 4480453 composite?
False
Is 538621 prime?
True
Is 147919 a prime number?
True
Is 9477553 prime?
False
Is 968773 a prime number?
False
Is 21006901 composite?
True
Is 359041 a prime number?
True
Is 334810027 a composite number?
False
Is 13254097 a prime number?
False
Is 10137821 a prime number?
True
Is 49297399 a composite number?
True
Is 1179933 prime?
False
Is 14434591 composite?
True
Is 152687 a prime number?
False
Is 4720637 composite?
False
Is 178408003 a prime number?
False
Is 101388673 a prime number?
True
Is 12293731 a c